{"id":14,"date":"2013-10-08T13:38:51","date_gmt":"2013-10-08T12:38:51","guid":{"rendered":"http:\/\/pu.chs.chalmers.se\/wordpress\/?page_id=14"},"modified":"2025-08-17T00:02:48","modified_gmt":"2025-08-16T23:02:48","slug":"om-pu","status":"publish","type":"page","link":"https:\/\/programkommitten.se\/wordpress\/om-pu\/","title":{"rendered":"Om oss"},"content":{"rendered":"<p>Programkommitt\u00e9n PU \u00e4r en kommitt\u00e9 under Chalmers Studentk\u00e5r, vars uppgift \u00e4r att bredda kulturutbudet p\u00e5 Chalmers. Detta g\u00f6r vi genom att arrangera olika evenemang f\u00f6r dig som Chalmerist, t.ex. konserter, filmvisningar, kv\u00e4llskurser, provningar, och mycket annat!<\/p>\n\n\n<figure class=\"wp-block-gallery has-nested-images columns-default is-cropped wp-block-gallery-1 is-layout-flex wp-block-gallery-is-layout-flex\">\n<figure class=\"wp-block-image size-large\"><img loading=\"lazy\" decoding=\"async\" width=\"717\" height=\"1024\" data-id=\"1841\" src=\"https:\/\/programkommitten.se\/wordpress\/wp-content\/uploads\/emelies-717x1024.jpg\" alt=\"\" class=\"wp-image-1841\" srcset=\"https:\/\/programkommitten.se\/wordpress\/wp-content\/uploads\/emelies-717x1024.jpg 717w, https:\/\/programkommitten.se\/wordpress\/wp-content\/uploads\/emelies-210x300.jpg 210w, https:\/\/programkommitten.se\/wordpress\/wp-content\/uploads\/emelies-768x1097.jpg 768w, https:\/\/programkommitten.se\/wordpress\/wp-content\/uploads\/emelies.jpg 800w\" sizes=\"auto, (max-width: 717px) 100vw, 717px\" \/><figcaption class=\"wp-element-caption\">Emelie Skep\u00f6<br><strong>Ordf\u00f6rande<\/strong><\/figcaption><\/figure>\n\n\n\n<figure class=\"wp-block-image size-large\"><img loading=\"lazy\" decoding=\"async\" width=\"768\" height=\"1024\" data-id=\"1839\" src=\"https:\/\/programkommitten.se\/wordpress\/wp-content\/uploads\/bellbell-768x1024.jpg\" alt=\"\" class=\"wp-image-1839\" srcset=\"https:\/\/programkommitten.se\/wordpress\/wp-content\/uploads\/bellbell-768x1024.jpg 768w, https:\/\/programkommitten.se\/wordpress\/wp-content\/uploads\/bellbell-225x300.jpg 225w, https:\/\/programkommitten.se\/wordpress\/wp-content\/uploads\/bellbell.jpg 800w\" sizes=\"auto, (max-width: 768px) 100vw, 768px\" \/><figcaption class=\"wp-element-caption\">Isabelle Bellander<br><strong>Kass\u00f6r<\/strong><\/figcaption><\/figure>\n\n\n\n<figure class=\"wp-block-image size-large\"><img loading=\"lazy\" decoding=\"async\" width=\"774\" height=\"1024\" data-id=\"1837\" src=\"https:\/\/programkommitten.se\/wordpress\/wp-content\/uploads\/erikgb-774x1024.jpg\" alt=\"\" class=\"wp-image-1837\" srcset=\"https:\/\/programkommitten.se\/wordpress\/wp-content\/uploads\/erikgb-774x1024.jpg 774w, https:\/\/programkommitten.se\/wordpress\/wp-content\/uploads\/erikgb-227x300.jpg 227w, https:\/\/programkommitten.se\/wordpress\/wp-content\/uploads\/erikgb-768x1016.jpg 768w, https:\/\/programkommitten.se\/wordpress\/wp-content\/uploads\/erikgb.jpg 800w\" sizes=\"auto, (max-width: 774px) 100vw, 774px\" \/><figcaption class=\"wp-element-caption\">Erik Green Blomroos<br><strong>PR-chef<\/strong><\/figcaption><\/figure>\n\n\n\n<figure class=\"wp-block-image size-large\"><img loading=\"lazy\" decoding=\"async\" width=\"798\" height=\"1024\" data-id=\"1842\" src=\"https:\/\/programkommitten.se\/wordpress\/wp-content\/uploads\/harryboi-798x1024.jpg\" alt=\"\" class=\"wp-image-1842\" srcset=\"https:\/\/programkommitten.se\/wordpress\/wp-content\/uploads\/harryboi-798x1024.jpg 798w, https:\/\/programkommitten.se\/wordpress\/wp-content\/uploads\/harryboi-234x300.jpg 234w, https:\/\/programkommitten.se\/wordpress\/wp-content\/uploads\/harryboi-768x985.jpg 768w, https:\/\/programkommitten.se\/wordpress\/wp-content\/uploads\/harryboi.jpg 800w\" sizes=\"auto, (max-width: 798px) 100vw, 798px\" \/><figcaption class=\"wp-element-caption\">Harald \u00d6dman<br><b>\u00d6lchef<\/b><\/figcaption><\/figure>\n\n\n\n<figure class=\"wp-block-image size-large\"><img loading=\"lazy\" decoding=\"async\" width=\"927\" height=\"1024\" data-id=\"1197\" src=\"https:\/\/pu.chs.chalmers.se\/wordpress\/wp-content\/uploads\/pu-927x1024.jpg\" alt=\"\" class=\"wp-image-1197\" srcset=\"https:\/\/programkommitten.se\/wordpress\/wp-content\/uploads\/pu-927x1024.jpg 927w, https:\/\/programkommitten.se\/wordpress\/wp-content\/uploads\/pu-272x300.jpg 272w, https:\/\/programkommitten.se\/wordpress\/wp-content\/uploads\/pu-768x848.jpg 768w, https:\/\/programkommitten.se\/wordpress\/wp-content\/uploads\/pu-1391x1536.jpg 1391w, https:\/\/programkommitten.se\/wordpress\/wp-content\/uploads\/pu.jpg 1841w\" sizes=\"auto, (max-width: 927px) 100vw, 927px\" \/><\/figure>\n\n\n\n<figure class=\"wp-block-image size-large\"><img loading=\"lazy\" decoding=\"async\" width=\"798\" height=\"1024\" data-id=\"1843\" src=\"https:\/\/programkommitten.se\/wordpress\/wp-content\/uploads\/julia-798x1024.jpg\" alt=\"\" class=\"wp-image-1843\" srcset=\"https:\/\/programkommitten.se\/wordpress\/wp-content\/uploads\/julia-798x1024.jpg 798w, https:\/\/programkommitten.se\/wordpress\/wp-content\/uploads\/julia-234x300.jpg 234w, https:\/\/programkommitten.se\/wordpress\/wp-content\/uploads\/julia-768x985.jpg 768w, https:\/\/programkommitten.se\/wordpress\/wp-content\/uploads\/julia.jpg 800w\" sizes=\"auto, (max-width: 798px) 100vw, 798px\" \/><figcaption class=\"wp-element-caption\">Julia Sandertoft<br><strong>Filmchef<\/strong><\/figcaption><\/figure>\n\n\n\n<figure class=\"wp-block-image size-large\"><img loading=\"lazy\" decoding=\"async\" width=\"798\" height=\"1024\" data-id=\"1844\" src=\"https:\/\/programkommitten.se\/wordpress\/wp-content\/uploads\/sebn-798x1024.jpg\" alt=\"\" class=\"wp-image-1844\" srcset=\"https:\/\/programkommitten.se\/wordpress\/wp-content\/uploads\/sebn-798x1024.jpg 798w, https:\/\/programkommitten.se\/wordpress\/wp-content\/uploads\/sebn-234x300.jpg 234w, https:\/\/programkommitten.se\/wordpress\/wp-content\/uploads\/sebn-768x985.jpg 768w, https:\/\/programkommitten.se\/wordpress\/wp-content\/uploads\/sebn.jpg 800w\" sizes=\"auto, (max-width: 798px) 100vw, 798px\" \/><figcaption class=\"wp-element-caption\">Sebastian Nguyen<br><strong>Kurs- &amp; Kulturchef<\/strong><\/figcaption><\/figure>\n\n\n\n<figure class=\"wp-block-image size-full\"><img loading=\"lazy\" decoding=\"async\" width=\"705\" height=\"927\" data-id=\"1840\" src=\"https:\/\/programkommitten.se\/wordpress\/wp-content\/uploads\/edvino.jpg\" alt=\"\" class=\"wp-image-1840\" srcset=\"https:\/\/programkommitten.se\/wordpress\/wp-content\/uploads\/edvino.jpg 705w, https:\/\/programkommitten.se\/wordpress\/wp-content\/uploads\/edvino-228x300.jpg 228w\" sizes=\"auto, (max-width: 705px) 100vw, 705px\" \/><figcaption class=\"wp-element-caption\">Edvin Olsson<br><strong>Musikchef<\/strong><\/figcaption><\/figure>\n\n\n\n<figure class=\"wp-block-image size-large\"><img loading=\"lazy\" decoding=\"async\" width=\"1024\" height=\"940\" data-id=\"1504\" src=\"https:\/\/pu.chs.chalmers.se\/wordpress\/wp-content\/uploads\/20220831_001_01D_52211-1-1024x940.jpg\" alt=\"\" class=\"wp-image-1504\" srcset=\"https:\/\/programkommitten.se\/wordpress\/wp-content\/uploads\/20220831_001_01D_52211-1-1024x940.jpg 1024w, https:\/\/programkommitten.se\/wordpress\/wp-content\/uploads\/20220831_001_01D_52211-1-300x275.jpg 300w, https:\/\/programkommitten.se\/wordpress\/wp-content\/uploads\/20220831_001_01D_52211-1-768x705.jpg 768w, https:\/\/programkommitten.se\/wordpress\/wp-content\/uploads\/20220831_001_01D_52211-1-140x130.jpg 140w, https:\/\/programkommitten.se\/wordpress\/wp-content\/uploads\/20220831_001_01D_52211-1.jpg 1183w\" sizes=\"auto, (max-width: 1024px) 100vw, 1024px\" \/><figcaption class=\"wp-element-caption\">Nalle PU<br><strong>Hedersmedlem<\/strong><\/figcaption><\/figure>\n<figcaption class=\"blocks-gallery-caption wp-element-caption\">Programkommitt\u00e9n PU 25\/26. Foton av CFFC.se<\/figcaption><\/figure>\n\n\n\n<div class=\"wp-block-group\"><div class=\"wp-block-group__inner-container is-layout-flow wp-block-group-is-layout-flow\"><\/div><\/div>\n\n\n\n<p><\/p>\n","protected":false},"excerpt":{"rendered":"<p>Programkommitt\u00e9n PU \u00e4r en kommitt\u00e9 under Chalmers Studentk\u00e5r, vars uppgift \u00e4r att bredda kulturutbudet p\u00e5 Chalmers. Detta g\u00f6r vi genom att arrangera olika evenemang f\u00f6r dig som Chalmerist, t.ex. konserter, filmvisningar, kv\u00e4llskurser, provningar, och mycket annat!<\/p>\n","protected":false},"author":7,"featured_media":0,"parent":0,"menu_order":0,"comment_status":"closed","ping_status":"closed","template":"","meta":{"footnotes":""},"class_list":["post-14","page","type-page","status-publish","hentry"],"_links":{"self":[{"href":"https:\/\/programkommitten.se\/wordpress\/wp-json\/wp\/v2\/pages\/14","targetHints":{"allow":["GET"]}}],"collection":[{"href":"https:\/\/programkommitten.se\/wordpress\/wp-json\/wp\/v2\/pages"}],"about":[{"href":"https:\/\/programkommitten.se\/wordpress\/wp-json\/wp\/v2\/types\/page"}],"author":[{"embeddable":true,"href":"https:\/\/programkommitten.se\/wordpress\/wp-json\/wp\/v2\/users\/7"}],"replies":[{"embeddable":true,"href":"https:\/\/programkommitten.se\/wordpress\/wp-json\/wp\/v2\/comments?post=14"}],"version-history":[{"count":40,"href":"https:\/\/programkommitten.se\/wordpress\/wp-json\/wp\/v2\/pages\/14\/revisions"}],"predecessor-version":[{"id":1860,"href":"https:\/\/programkommitten.se\/wordpress\/wp-json\/wp\/v2\/pages\/14\/revisions\/1860"}],"wp:attachment":[{"href":"https:\/\/programkommitten.se\/wordpress\/wp-json\/wp\/v2\/media?parent=14"}],"curies":[{"name":"wp","href":"https:\/\/api.w.org\/{rel}","templated":true}]}}